mainder when 45383 is divided by 11?
8
What is the remainder when 8368 is divided by 3098?
2172
What is the remainder when 2208 is divided by 1103?
2
Calculate the remainder when 1630 is divided by 747.
136
Calculate the remainder when 23836 is divided by 2383.
6
What is the remainder when 6094 is divided by 2931?
232
What is the remainder when 703 is divided by 19?
0
Calculate the remainder when 11957 is divided by 3849.
410
What is the remainder when 17251 is divided by 34?
13
What is the remainder when 1547 is divided by 148?
67
What is the remainder when 738948 is divided by 246305?
33
What is the remainder when 2840 is divided by 167?
1
What is the remainder when 83527 is divided by 5966?
3
What is the remainder when 147647 is divided by 147636?
11
Calculate the remainder when 3991259 is divided by 10.
9
Calculate the remainder when 11480 is divided by 11.
7
Calculate the remainder when 1519 is divided by 201.
112
What is the remainder when 18084 is divided by 2908?
636
Calculate the remainder when 12784 is divided by 799.
0
What is the remainder when 47246 is divided by 16?
14
What is the remainder when 1502 is divided by 37?
22
What is the remainder when 228539 is divided by 130?
129
What is the remainder when 5454 is divided by 66?
42
Calculate the remainder when 24980 is divided by 12479.
22
What is the remainder when 35503 is divided by 12?
7
Calculate the remainder when 2669 is divided by 218.
53
Calculate the remainder when 9390 is divided by 1294.
332
Calculate the remainder when 993696 is divided by 141956.
4
What is the remainder when 9758 is divided by 4717?
324
Calculate the remainder when 185 is divided by 37.
0
What is the remainder when 13299 is divided by 3952?
1443
Calculate the remainder when 228864 is divided by 321.
312
Calculate the remainder when 30369 is divided by 30268.
101
What is the remainder when 3674 is divided by 553?
356
What is the remainder when 53127 is divided by 13281?
3
Calculate the remainder when 2839 is divided by 444.
175
Calculate the remainder when 58342 is divided by 62.
0
What is the remainder when 2059 is divided by 681?
16
Calculate the remainder when 154 is divided by 120.
34
Calculate the remainder when 1145 is divided by 377.
14
Calculate the remainder when 175915 is divided by 442.
441
What is the remainder when 1675 is divided by 697?
281
What is the remainder when 812213 is divided by 8?
5
Calculate the remainder when 6127 is divided by 6015.
112
Calculate the remainder when 1082691 is divided by 77.
71
What is the remainder when 43838 is divided by 6252?
74
What is the remainder when 20676 is divided by 287?
12
What is the remainder when 2393 is divided by 114?
113
Calculate the remainder when 2320 is divided by 179.
172
Calculate the remainder when 5411 is divided by 290.
191
Calculate the remainder when 541798 is divided by 1204.
1202
What is the remainder when 512422 is divided by 198?
196
What is the remainder when 8765 is divided by 13?
3
What is the remainder when 20183 is divided by 310?
33
Calculate the remainder when 346499 is divided by 420.
419
Calculate the remainder when 3668 is divided by 1188.
104
What is the remainder when 667 is divided by 139?
111
Calculate the remainder when 26873 is divided by 6717.
5
What is the remainder when 79992 is divided by 19?
2
What is the remainder when 3516 is divided by 325?
266
What is the remainder when 13958 is divided by 149?
101
Calculate the remainder when 30043 is divided by 537.
508
Calculate the remainder when 14335 is divided by 1591.
16
What is the remainder when 11216 is divided by 118?
6
Calculate the remainder when 16474 is divided by 223.
195
Calculate the remainder when 4628 is divided by 99.
74
What is the remainder when 9108 is divided by 73?
56
Calculate the remainder when 295 is divided by 30.
25
Calculate the remainder when 1078 is divided by 61.
41
Calculate the remainder when 32385 is divided by 629.
306
Calculate the remainder when 4788 is divided by 184.
4
Calculate the remainder when 3668 is divided by 115.
103
Calculate the remainder when 312119 is divided by 306.
305
What is the remainder when 7757 is divided by 243?
224
What is the remainder when 141073 is divided by 16?
1
Calculate the remainder when 10611 is divided by 48.
3
Calculate the remainder when 708767 is divided by 207.
206
Calculate the remainder when 291507 is divided by 14.
13
Calculate the remainder when 6891 is divided by 88.
27
Calculate the remainder when 796 is divided by 129.
22
Calculate the remainder when 58875 is divided by 2961.
2616
Calculate the remainder when 1771 is divided by 178.
169
What is the remainder when 1096 is divided by 258?
64
Calculate the remainder when 62081 is divided by 887.
878
What is the remainder when 11066 is divided by 291?
8
Calculate the remainder when 21596 is divided by 400.
396
Calculate the remainder when 540000 is divided by 4500.
0
Calculate the remainder when 9409 is divided by 724.
721
Calculate the remainder when 4982 is divided by 1506.
464
Calculate the remainder when 32563 is divided by 1.
0
What is the remainder when 9408 is divided by 139?
95
Calculate the remainder when 13291 is divided by 1106.
19
Calculate the remainder when 457 is divided by 38.
1
Calculate the remainder when 62200 is divided by 93.
76
What is the remainder when 1098 is divided by 120?
18
What is the remainder when 4697 is divided by 60?
17
Calculate the remainder when 1257 is divided by 1256.
1
Calculate the remainder when 1290 is divided by 460.
370
What is the remainder when 66786 is divided by 14?
6
What is the remainder when 14567 is divided by 7236?
95
Calculate the remainder when 1747 is divided by 847.
53
What is the remainder when 264306 is divided by 42?
0
Calculate the remainder when 99898 is divided by 598.
32
Calculate the remainder when 14597 is divided by 16.
5
What is the remainder when 13821 is divided by 2303?
3
What is the remainder when 10494 is divided by 101?
91
What is the remainder when 2108 is divided by 162?
2
Calculate the remainder when 8408 is divided by 323.
10
What is the remainder when 1045638 is divided by 614?
610
Calculate the remainder when 48936 is divided by 24461.
14
What is the remainder when 83 is divided by 40?
3
What is the remainder when 1539036 is divided by 1035?
1026
Calculate the remainder when 21326 is divided by 21320.
6
Calculate the remainder when 11662 is divided by 140.
42
Calculate the remainder when 132161 is divided by 44049.
14
What is the remainder when 4137 is divided by 4095?
42
What is the remainder when 140758 is divided by 360?
358
What is the remainder when 4018 is divided by 4010?
8
What is the remainder when 18217 is divided by 81?
73
Calculate the remainder when 13633 is divided by 681.
13
Calculate the remainder when 2587 is divided by 513.
22
Calculate the remainder when 13234 is divided by 52.
26
What is the remainder when 25251 is divided by 407?
17
What is the remainder when 861 is divided by 181?
137
Calculate the remainder when 919 is divided by 48.
7
What is the remainder when 5937 is divided by 23?
3
What is the remainder when 7131 is divided by 396?
3
Calculate the remainder when 5124 is divided by 1706.
6
Calculate the remainder when 32030 is divided by 464.
14
Calculate the remainder when 1655 is divided by 221.
108
What is the remainder when 1581170 is divided by 38?
28
Calculate the remainder when 4755 is divided by 889.
310
Calculate the remainder when 10203 is divided by 157.
155
What is the remainder when 4398 is divided by 289?
63
What is the remainder when 24403 is divided by 6?
1
What is the remainder when 241388 is divided by 48?
44
What is the remainder when 26116 is divided by 13040?
36
Calculate the remainder when 21369 is divided by 158.
39
What is the remainder when 933 is divided by 933?
0
What is the remainder when 31575 is divided by 7872?
87
Calculate the remainder when 7214 is divided by 1439.
19
Calculate the remainder when 2415594 is divided by 549.
543
What is the remainder when 6728 is divided by 3233?
262
Calculate the remainder when 251857 is divided by 103.
22
What is the remainder when 7098 is divided by 1043?
840
Calculate the remainder when 3015 is divided by 2999.
16
Calculate the remainder when 2303 is divid